{"version":"1.0","provider_name":"Sziszikeccs - Konyh\u00e1m \u00edzei","provider_url":"https:\/\/sziszikeccs.cafeblog.hu","author_name":"Sziszikeccs","author_url":"https:\/\/sziszikeccs.cafeblog.hu\/author\/sziszikeccs\/","title":"Sztracsatella","html":"<p>Ez a finoms\u00e1g is a vend\u00e9geknek k\u00e9sz\u00fclt m\u00e9g a h\u00e9tf\u0151i vacsor\u00e1ra. Nagyon finom, nagyon laktat\u00f3, nagyon j\u00f3l n\u00e9z ki, nagyon od\u00e1ig van \u00e9rte mindenki :) Viszont legk\u00f6zelebb szerintem csak 3 dl tejsz\u00ednt haszn\u00e1lok, nekem az kicsit sok volt, de m\u00e1s nem panaszkodott :) \u00dagy sz\u00e1moljunk vele, hogy minimum 4-5 \u00f3r\u00e1t ah\u0171t\u0151ben kelll lennie!\u00a0<\/p>\r\n<p><a href=\"https:\/\/sziszikeccs.cafeblog.hu\/files\/2016\/07\/DSCN2567p.jpg\"><img class=\"alignnone size-medium wp-image-1891\" src=\"https:\/\/sziszikeccs.cafeblog.hu\/files\/2016\/07\/DSCN2567p-300x225.jpg\" alt=\"DSCN2567p\" width=\"300\" height=\"225\" \/><\/a><\/p>\r\n<p>1 liter tej + a forgat\u00e1shoz<\/p>\r\n<p>5 dl tejsz\u00edn (szerintem 3 is el\u00e9g)<\/p>\r\n<p>12.5 dkg vaj<\/p>\r\n<p>2 toj\u00e1ss\u00e1rg\u00e1ja<\/p>\r\n<p>1 t\u00e1bla \u00e9tcsokol\u00e1d\u00e9<\/p>\r\n<p>2 dl b\u00fazadara<\/p>\r\n<p>200 g babapisk\u00f3ta<\/p>\r\n<p>kaka\u00f3por<\/p>\r\n<p>2 dl cukor\u00a0<\/p>\r\n<p>1 csipet s\u00f3<\/p>\r\n<p><a href=\"https:\/\/sziszikeccs.cafeblog.hu\/files\/2016\/07\/DSCN2566p.jpg\"><img class=\"alignnone size-medium wp-image-1890\" src=\"https:\/\/sziszikeccs.cafeblog.hu\/files\/2016\/07\/DSCN2566p-300x225.jpg\" alt=\"DSCN2566p\" width=\"300\" height=\"225\" \/><\/a><\/p>\r\n<p>A tejben elkeverj\u00fck a b\u00fazadar\u00e1t, a cukort, a toj\u00e1ss\u00e1rg\u00e1kat \u00e9s a s\u00f3t. Lass\u00fa t\u0171z\u00f6n \u00e1lland\u00f3 keverget\u00e9s mellett kr\u00e9mesre f\u0151zz\u00fck. Ha k\u00e9sz, kih\u0171tj\u00fck, majd hozz\u00e1keverj\u00fck a margarint. Kem\u00e9ny habb\u00e1 verj\u00fck a tejsz\u00ednt. Egy kis tejben megforgatjuk a pisk\u00f3t\u00e1kat, majd egy j\u00e9nai alj\u00e1ra lerakjuk az els\u0151 sor pisk\u00f3t\u00e1t. Erre j\u00f6n a kr\u00e9m fele, majd a tejsz\u00edn fele. R\u00e1reszelj\u00fck a t\u00e1bla csoki fel\u00e9t. A k\u00f6vetkez\u0151 r\u00e9teg ugyan\u00edgy \u00e9p\u00fcl fel - pisk\u00f3ta, kr\u00e9m, tejsz\u00edn. Vastagon megsz\u00f3rjuk kaka\u00f3porral \u00e9s r\u00e1reszelj\u00fck a marad\u00e9k csokol\u00e1d\u00e9t. Legal\u00e1bb 4-5 \u00f3r\u00e1ra h\u0171t\u0151be tessz\u00fck. (nekem 6 \u00f3r\u00e1t \u00e1llt szeletel\u00e9s el\u0151tt)<\/p>\r\n<p><a href=\"https:\/\/sziszikeccs.cafeblog.hu\/files\/2016\/07\/DSCN2565p.jpg\"><img class=\"alignnone size-medium wp-image-1889\" src=\"https:\/\/sziszikeccs.cafeblog.hu\/files\/2016\/07\/DSCN2565p-300x225.jpg\" alt=\"DSCN2565p\" width=\"300\" height=\"225\" \/><\/a><\/p>\r\n<p>&nbsp;<\/p>\r\n<p><a href=\"https:\/\/sziszikeccs.cafeblog.hu\/files\/2016\/07\/DSCN2560p.jpg\"><img class=\"alignnone size-medium wp-image-1888\" src=\"https:\/\/sziszikeccs.cafeblog.hu\/files\/2016\/07\/DSCN2560p-300x225.jpg\" alt=\"DSCN2560p\" width=\"300\" height=\"225\" \/><\/a><\/p>\r\n<p>&nbsp;<\/p>\r\n<p><a href=\"https:\/\/sziszikeccs.cafeblog.hu\/files\/2016\/07\/DSCN2558p.jpg\"><img class=\"alignnone size-medium wp-image-1887\" src=\"https:\/\/sziszikeccs.cafeblog.hu\/files\/2016\/07\/DSCN2558p-300x225.jpg\" alt=\"DSCN2558p\" width=\"300\" height=\"225\" \/><\/a><\/p>\r\n<p>&nbsp;<\/p>","type":"rich"}

Sziszikeccs - Konyhám ízei

<p>Ez a finomság is a vendégeknek készült még a hétfői vacsorára. Nagyon finom, nagyon laktató, nagyon jól néz ki, nagyon odáig van érte mindenki :) Viszont legközelebb szerintem csak 3 dl tejszínt használok, nekem az kicsit sok volt, de más nem panaszkodott :) Úgy számoljunk vele, hogy minimum 4-5 órát ahűtőben kelll lennie! </p>
<p><a href="https://sziszikeccs.cafeblog.hu/files/2016/07/DSCN2567p.jpg"><img class="alignnone size-medium wp-image-1891" src="https://sziszikeccs.cafeblog.hu/files/2016/07/DSCN2567p-300x225.jpg" alt="DSCN2567p" width="300" height="225" /></a></p>
<p>1 liter tej + a forgatáshoz</p>
<p>5 dl tejszín (szerintem 3 is elég)</p>
<p>12.5 dkg vaj</p>
<p>2 tojássárgája</p>
<p>1 tábla étcsokoládé</p>
<p>2 dl búzadara</p>
<p>200 g babapiskóta</p>
<p>kakaópor</p>
<p>2 dl cukor </p>
<p>1 csipet só</p>
<p><a href="https://sziszikeccs.cafeblog.hu/files/2016/07/DSCN2566p.jpg"><img class="alignnone size-medium wp-image-1890" src="https://sziszikeccs.cafeblog.hu/files/2016/07/DSCN2566p-300x225.jpg" alt="DSCN2566p" width="300" height="225" /></a></p>
<p>A tejben elkeverjük a búzadarát, a cukort, a tojássárgákat és a sót. Lassú tűzön állandó kevergetés mellett krémesre főzzük. Ha kész, kihűtjük, majd hozzákeverjük a margarint. Kemény habbá verjük a tejszínt. Egy kis tejben megforgatjuk a piskótákat, majd egy jénai aljára lerakjuk az első sor piskótát. Erre jön a krém fele, majd a tejszín fele. Ráreszeljük a tábla csoki felét. A következő réteg ugyanígy épül fel - piskóta, krém, tejszín. Vastagon megszórjuk kakaóporral és ráreszeljük a maradék csokoládét. Legalább 4-5 órára hűtőbe tesszük. (nekem 6 órát állt szeletelés előtt)</p>
<p><a href="https://sziszikeccs.cafeblog.hu/files/2016/07/DSCN2565p.jpg"><img class="alignnone size-medium wp-image-1889" src="https://sziszikeccs.cafeblog.hu/files/2016/07/DSCN2565p-300x225.jpg" alt="DSCN2565p" width="300" height="225" /></a></p>
<p>&nbsp;</p>
<p><a href="https://sziszikeccs.cafeblog.hu/files/2016/07/DSCN2560p.jpg"><img class="alignnone size-medium wp-image-1888" src="https://sziszikeccs.cafeblog.hu/files/2016/07/DSCN2560p-300x225.jpg" alt="DSCN2560p" width="300" height="225" /></a></p>
<p>&nbsp;</p>
<p><a href="https://sziszikeccs.cafeblog.hu/files/2016/07/DSCN2558p.jpg"><img class="alignnone size-medium wp-image-1887" src="https://sziszikeccs.cafeblog.hu/files/2016/07/DSCN2558p-300x225.jpg" alt="DSCN2558p" width="300" height="225" /></a></p>
<p>&nbsp;</p>
